63?
71814
In base 3, what is -1 + -1002011022221021?
-1002011022221022
In base 11, what is -45 - -12543a?
1253a5
In base 5, what is 34042043344 + 113?
34042044012
In base 11, what is 2 - 560819?
-560817
In base 9, what is -1311413 - -8?
-1311404
In base 8, what is 1561456 + 77?
1561555
In base 11, what is 97500004 - 4?
97500000
In base 8, what is -13410 - 222215?
-235625
In base 16, what is -b05d + 30?
-b02d
In base 9, what is 366788 - 1?
366787
In base 5, what is 411 - -234040134?
234041100
In base 6, what is -4553013 - 22?
-4553035
In base 16, what is 678 + 4765?
4ddd
In base 9, what is -12 - -78414?
78402
In base 3, what is -110011102211202222 - 12?
-110011102211210011
In base 4, what is 12201 + -3330211102?
-3330132301
In base 12, what is -5b3 - -3877?
3284
In base 15, what is -2e031e2 + -1?
-2e031e3
In base 8, what is -1042203271 + -4?
-1042203275
In base 10, what is -1087 - 4376?
-5463
In base 10, what is -59098 - 5548?
-64646
In base 4, what is 310331 - -10312321?
11223312
In base 12, what is -52a22 + -311?
-53133
In base 10, what is -431656 - 407?
-432063
In base 10, what is -816455 - 1168?
-817623
In base 6, what is 134 + 44400420?
44400554
In base 7, what is -106620144650 - -1?
-106620144646
In base 2, what is 11111100010 - -100000011000?
111111111010
In base 14, what is -16847 - 7d?
-168c6
In base 3, what is -102220021100002 + 2?
-102220021100000
In base 7, what is -164 + -11156255?
-11156452
In base 6, what is 23041551425 + 4?
23041551433
In base 13, what is -6a + 7cb9?
7c4c
In base 16, what is 2d38 - -d9?
2e11
In base 4, what is 32101212032311 - 11?
32101212032300
In base 11, what is -8a93a + -a?
-8a949
In base 2, what is 1100001100 + -110011010011101?
-110001110010001
In base 5, what is 10 + 31110102400?
31110102410
In base 11, what is -101 + 186a59?
186958
In base 16, what is 153 + 1ce31?
1cf84
In base 3, what is -101002220111112 - -1110?
-101002220110002
In base 14, what is -36145 - -57?
-360cc
In base 7, what is -1 - -10004002?
10004001
In base 15, what is e + -1c2440e?
-1c24400
In base 11, what is 250 + -6732?
-6492
In base 3, what is -100 + -10220122200?
-10220200000
In base 7, what is 154 - -553140?
553324
In base 7, what is 13352 - -21210?
34562
In base 6, what is -10441241 + 403?
-10440434
In base 2, what is 10110101011000100011 - -101010100?
10110101011101110111
In base 8, what is -3750 - 12667?
-16637
In base 13, what is 2559 - -76?
2602
In base 7, what is 412434 + 24463?
440230
In base 15, what is 2b52 - 19b3?
118e
In base 3, what is -2011120022020 + -10122?
-2011120102212
In base 6, what is 24 + 340303050?
340303114
In base 7, what is 562133 - -134?
562300
In base 8, what is 55755 + -7752?
46003
In base 6, what is 45 + -313132013?
-313131524
In base 5, what is -102 - 2034132233?
-2034132340
In base 7, what is 3413 + 22046?
25462
In base 5, what is 4421 + 34344?
44320
In base 15, what is 222822 + -4?
22281d
In base 5, what is -234024324 + 10?
-234024314
In base 10, what is 716977 + -14?
716963
In base 6, what is -2412135 - -41?
-2412054
In base 5, what is -1312403 - 2210?
-1320113
In base 9, what is 774 + -12842?
-12057
In base 5, what is -4 + -14323231?
-14323240
In base 14, what is -3aa3 - 785?
-4448
In base 8, what is -3 - 271005635?
-271005640
In base 11, what is 2 + -25664249?
-25664247
In base 15, what is -1d3d3 - 107?
-1d4da
In base 13, what is 44b - -19cb?
2149
In base 14, what is 70cc4d - -6?
70cc55
In base 2, what is 10010111111 + -1110000110110?
-1011101110111
In base 6, what is 14324401001 + -1?
14324401000
In base 4, what is -33110 + 123011113?
122312003
In base 5, what is -10221211430 + 34?
-10221211341
In base 7, what is -654604505 + -4?
-654604512
In base 10, what is 28553 + -232?
28321
In base 4, what is -3003333333102 + -2?
-3003333333110
In base 11, what is 75167 + 404?
75570
In base 16, what is -5669 + -1691?
-6cfa
In base 16, what is a926 + -14c?
a7da
In base 7, what is -2 + 36332564?
36332562
In base 12, what is 1b + -14bb599?
-14bb57a
In base 12, what is 1 + 68035b0?
68035b1
In base 5, what is 10342334 - 3?
10342331
In base 10, what is -624152 + 4?
-624148
In base 15, what is 54b9 - -18ac?
6d76
In base 7, what is 11 - 240544361?
-240544350
In base 10, what is -67857054 + -5?
-67857059
In base 8, what is 4 - -27617152?
27617156
In base 4, what is -1301010223322 + 1?
-1301010223321
In base 11, what is -3 + 3626889?
3626886
In base 6, what is -5 - 210533033?
-210533042
In base 11, what is -9a96 - 58?
-a043
In base 2, what is 10111100110011010 + -10?
10111100110011000
In base 7, what is -2133226001 + 4?
-2133225664
In base 7, what is -16512 + 464?
-16015
In base 15, what is c - 132270?
-132263
In base 5, what is -11000 - -11220412?
11204412
In base 2, what is 101000 + -1001000001100100100?
-1001000001011111100
In base 13, what is 2c4c - 4410?
-1491
In base 9, what is 4245 - 12082?
-6736
In base 16, what is -1812 - 379e?
-4fb0
In base 16, what is 1 + 2736410?
2736411
In base 12, what is -2 - -a86816?
a86814
In base 16, what is -ead + -e3c6?
-f273
In base 4, what is 1 + -23201101030310?
-23201101030303
In base 8, what is -1 + 16113104?
16113103
In base 15, what is ecb83 - -b?
ecb8e
In base 10, what is 4342040 - 6?
4342034
In base 12, what is 39405 - a3?
39322
In base 4, what is 330222211 + 12111?
330300322
In base 9, what is -32 - -57865?
57833
In base 5, what is 104202 + 2210?
111412
In base 9, what is 1157308 - 4?
1157304
In base 15, what is -79c6 + 2142?
-5884
In base 4, what is -20202232113 + -123?
-20202232302
In base 6, what is -255 - -3340211?
3335512
In base 6, what is -5 - 2232515132?
-2232515141
In base 13, what is -4c6a08 + -4a?
-4c6a55
In base 7, what is 366 + -46336?
-45640
In base 10, what is -240611 - 752?
-241363
In base 8, what is -2330 + -162600?
-165130
In base 15, what is -9 + -87ed99?
-87eda3
In base 11, what is 3 + -9477978?
-9477975
In base 7, what is -1354166263 + 1?
-1354166262
In base 13, what is 32 + -139a02a?
-1399cc8
In base 14, what is cb22b14 - -3?
cb22b17
In base 11, what is 2 + -1571191?
-157118a
In base 11, what is -7 + -873931?
-873938
In base 5, what is -2103 + -21422?
-24030
In base 16, what is -66 - -b70ca?
b7064
In base 13, what is 29a - -10c99?
11266
In base 13, what is 251c5 + 2128?
27320
In base 8, what is -47064 - -527?
-46335
In base 9, what is -14658635 - -10?
-14658625
In base 4, what is 111230013 - -2110?
111232123
In base 11, what is 201 - -28a256?
28a457
In base 4, what is 210 + 2322323201?
2322330011
In base 8, what is 10 - -1642754?
1642764
In base 13, what is -4888 + 396b?
-c1a
In base 6, what is 44311552 + -10?
44311542
In base 14, what is -1200b865 - -5?
-1200b860
In base 16, what is -2bc32 - -2?
-2bc30
In base 5, what is -4011442 - -42423?
-3414014
In base 15, what is 212c9d + 7?
212ca5
In base 4, what is 32212 + -133020?
-100202
In base 13, what is 8545 + -250a?
6038
In base 13, what is -67343 + -2b3?
-67626
In base 12, what is -741b7 + -81b?
-74a16
In base 15, what is 27dbb - 3c?
27d7e
In base 6, what is 30220412 + 3?
30220415
In base 8, what is -7664 + -66344?
-76230
In base 8, what is 1371 + 36700?
40271
In base 8, what is 52 - 154777?
-154725
In base 14, what is 813bc2 - 0?
813bc2
In base 6, what is -322015403425 + 4?
-322015403421
In base 2, what is 1 - -10101111100101100101010?
10101111100101100101011
In base 15, what is 96b3e70 + -2?
96b3e6d
In base 5, what is -44200400 - 23?
-44200423
In base 2, what is 10001111 + 1010011001110011010?
1010011010000101001
In base 13, what is -b67 + 117?
-a50
In base 9, what is -2848 - 15167?
-18126
In base 4, what is -111113 - 3222131?
-3333310
In base 9, what is -124002507 + -2?
-124002510
In base 8, what is 2 - -412727442?
412727444
In base 8, what is 14673166 + -4?
14673162
In base 5, what is -33203104 + -411?
-33204020
In base 3, what is -100120 - -10010021200?
10002221010
In base 12, what is 15047a + b4?
150572
In base 5, what is -1221214031 + 11?
-1221214020
In base 11, what is 3 - -704857a?
7048582
In base 7, what is 3031 + 1663666?
2000030
In base 14, what is -31a281 - -5?
-31a27a
In base 5, what is 10 + 3302014412?
3302014422
In base 9, what is -207738 + -233?
-208072
In base 11, what is 35 + -2061714?
-206168a
In base 9, what is 11 + 38171574?
38171585
In base 13, what is 38cb272 - 5?
38cb26a